{"id":14,"date":"2022-07-06T13:32:16","date_gmt":"2022-07-06T11:32:16","guid":{"rendered":"http:\/\/urselfdeez.cluster023.hosting.ovh.net\/?page_id=14"},"modified":"2024-08-02T15:59:08","modified_gmt":"2024-08-02T13:59:08","slug":"our-story","status":"publish","type":"page","link":"http:\/\/urselfdeez.cluster023.hosting.ovh.net\/?page_id=14","title":{"rendered":"Defense Urbaine"},"content":{"rendered":"\t\t<div data-elementor-type=\"wp-page\" data-elementor-id=\"14\" class=\"elementor elementor-14\">\n\t\t\t\t\t\t<section class=\"elementor-section elementor-top-section elementor-element elementor-element-7f032ba5 elementor-section-full_width elementor-section-content-top elementor-section-height-default elementor-section-height-default qodef-elementor-content-no\" data-id=\"7f032ba5\" data-element_type=\"section\">\n\t\t\t\t\t\t<div class=\"elementor-container elementor-column-gap-no\">\n\t\t\t\t\t<div class=\"elementor-column elementor-col-50 elementor-top-column elementor-element elementor-element-7ba4afe2\" data-id=\"7ba4afe2\" data-element_type=\"column\">\n\t\t\t<div class=\"elementor-widget-wrap elementor-element-populated\">\n\t\t\t\t\t\t<div class=\"elementor-element elementor-element-3e85d0e2 elementor-widget elementor-widget-image\" data-id=\"3e85d0e2\" data-element_type=\"widget\" data-widget_type=\"image.default\">\n\t\t\t\t<div class=\"elementor-widget-container\">\n\t\t\t\t\t\t\t\t\t\t\t\t\t\t\t<img fetchpriority=\"high\" decoding=\"async\" width=\"1080\" height=\"1440\" src=\"http:\/\/urselfdeez.cluster023.hosting.ovh.net\/wp-content\/uploads\/2022\/07\/285090056_10158184287800881_3347059281743988156_n-1.jpeg\" class=\"attachment-full size-full wp-image-250\" alt=\"\" srcset=\"http:\/\/urselfdeez.cluster023.hosting.ovh.net\/wp-content\/uploads\/2022\/07\/285090056_10158184287800881_3347059281743988156_n-1.jpeg 1080w, http:\/\/urselfdeez.cluster023.hosting.ovh.net\/wp-content\/uploads\/2022\/07\/285090056_10158184287800881_3347059281743988156_n-1-225x300.jpeg 225w, http:\/\/urselfdeez.cluster023.hosting.ovh.net\/wp-content\/uploads\/2022\/07\/285090056_10158184287800881_3347059281743988156_n-1-768x1024.jpeg 768w\" sizes=\"(max-width: 1080px) 100vw, 1080px\" \/>\t\t\t\t\t\t\t\t\t\t\t\t\t\t\t<\/div>\n\t\t\t\t<\/div>\n\t\t\t\t\t<\/div>\n\t\t<\/div>\n\t\t\t\t<div class=\"elementor-column elementor-col-50 elementor-top-column elementor-element elementor-element-7633b3c1\" data-id=\"7633b3c1\" data-element_type=\"column\">\n\t\t\t<div class=\"elementor-widget-wrap elementor-element-populated\">\n\t\t\t\t\t\t<div class=\"elementor-element elementor-element-2a43a2c2 elementor-widget elementor-widget-heading\" data-id=\"2a43a2c2\" data-element_type=\"widget\" data-widget_type=\"heading.default\">\n\t\t\t\t<div class=\"elementor-widget-container\">\n\t\t\t\t\t<h1 class=\"elementor-heading-title elementor-size-default\">DEFENSE URBAINE<\/h1>\t\t\t\t<\/div>\n\t\t\t\t<\/div>\n\t\t\t\t<div class=\"elementor-element elementor-element-6e43c629 elementor-invisible elementor-widget elementor-widget-heading\" data-id=\"6e43c629\" data-element_type=\"widget\" data-settings=\"{&quot;_animation&quot;:&quot;fadeInDown&quot;}\" data-widget_type=\"heading.default\">\n\t\t\t\t<div class=\"elementor-widget-container\">\n\t\t\t\t\t<h2 class=\"elementor-heading-title elementor-size-default\">ACAD\u00c9MIE PATUREL<\/h2>\t\t\t\t<\/div>\n\t\t\t\t<\/div>\n\t\t\t\t<section class=\"elementor-section elementor-inner-section elementor-element elementor-element-7b12fa58 elementor-section-boxed elementor-section-height-default elementor-section-height-default qodef-elementor-content-no\" data-id=\"7b12fa58\" data-element_type=\"section\">\n\t\t\t\t\t\t<div class=\"elementor-container elementor-column-gap-no\">\n\t\t\t\t\t<div class=\"elementor-column elementor-col-100 elementor-inner-column elementor-element elementor-element-29162bfb\" data-id=\"29162bfb\" data-element_type=\"column\">\n\t\t\t<div class=\"elementor-widget-wrap elementor-element-populated\">\n\t\t\t\t\t\t<div class=\"elementor-element elementor-element-736b7b95 elementor-widget__width-initial elementor-invisible elementor-widget elementor-widget-image\" data-id=\"736b7b95\" data-element_type=\"widget\" data-settings=\"{&quot;motion_fx_motion_fx_scrolling&quot;:&quot;yes&quot;,&quot;_animation&quot;:&quot;fadeIn&quot;,&quot;motion_fx_devices&quot;:[&quot;desktop&quot;,&quot;tablet&quot;,&quot;mobile&quot;]}\" data-widget_type=\"image.default\">\n\t\t\t\t<div class=\"elementor-widget-container\">\n\t\t\t\t\t\t\t\t\t\t\t\t\t\t\t<img decoding=\"async\" width=\"1119\" height=\"1185\" src=\"http:\/\/urselfdeez.cluster023.hosting.ovh.net\/wp-content\/uploads\/2022\/07\/WhatsApp-Image-2022-06-14-at-13.51.25.jpeg\" class=\"attachment-full size-full wp-image-453\" alt=\"\" srcset=\"http:\/\/urselfdeez.cluster023.hosting.ovh.net\/wp-content\/uploads\/2022\/07\/WhatsApp-Image-2022-06-14-at-13.51.25.jpeg 1119w, http:\/\/urselfdeez.cluster023.hosting.ovh.net\/wp-content\/uploads\/2022\/07\/WhatsApp-Image-2022-06-14-at-13.51.25-283x300.jpeg 283w, http:\/\/urselfdeez.cluster023.hosting.ovh.net\/wp-content\/uploads\/2022\/07\/WhatsApp-Image-2022-06-14-at-13.51.25-967x1024.jpeg 967w, http:\/\/urselfdeez.cluster023.hosting.ovh.net\/wp-content\/uploads\/2022\/07\/WhatsApp-Image-2022-06-14-at-13.51.25-768x813.jpeg 768w\" sizes=\"(max-width: 1119px) 100vw, 1119px\" \/>\t\t\t\t\t\t\t\t\t\t\t\t\t\t\t<\/div>\n\t\t\t\t<\/div>\n\t\t\t\t<div class=\"elementor-element elementor-element-64b4d9a8 elementor-widget__width-initial animated-slow elementor-invisible elementor-widget elementor-widget-image\" data-id=\"64b4d9a8\" data-element_type=\"widget\" data-settings=\"{&quot;_animation&quot;:&quot;fadeInUp&quot;}\" data-widget_type=\"image.default\">\n\t\t\t\t<div class=\"elementor-widget-container\">\n\t\t\t\t\t\t\t\t\t\t\t\t\t\t\t<img decoding=\"async\" width=\"1240\" height=\"1461\" src=\"http:\/\/urselfdeez.cluster023.hosting.ovh.net\/wp-content\/uploads\/2022\/07\/logo-paturel.jpeg\" class=\"attachment-full size-full wp-image-454\" alt=\"\" srcset=\"http:\/\/urselfdeez.cluster023.hosting.ovh.net\/wp-content\/uploads\/2022\/07\/logo-paturel.jpeg 1240w, http:\/\/urselfdeez.cluster023.hosting.ovh.net\/wp-content\/uploads\/2022\/07\/logo-paturel-255x300.jpeg 255w, http:\/\/urselfdeez.cluster023.hosting.ovh.net\/wp-content\/uploads\/2022\/07\/logo-paturel-869x1024.jpeg 869w, http:\/\/urselfdeez.cluster023.hosting.ovh.net\/wp-content\/uploads\/2022\/07\/logo-paturel-768x905.jpeg 768w\" sizes=\"(max-width: 1240px) 100vw, 1240px\" \/>\t\t\t\t\t\t\t\t\t\t\t\t\t\t\t<\/div>\n\t\t\t\t<\/div>\n\t\t\t\t\t<\/div>\n\t\t<\/div>\n\t\t\t\t\t<\/div>\n\t\t<\/section>\n\t\t\t\t\t<\/div>\n\t\t<\/div>\n\t\t\t\t\t<\/div>\n\t\t<\/section>\n\t\t\t\t<section class=\"elementor-section elementor-top-section elementor-element elementor-element-2a619e0f elementor-section-full_width elementor-section-height-default elementor-section-height-default qodef-elementor-content-no\" data-id=\"2a619e0f\" data-element_type=\"section\">\n\t\t\t\t\t\t<div class=\"elementor-container elementor-column-gap-no\">\n\t\t\t\t\t<div class=\"elementor-column elementor-col-50 elementor-top-column elementor-element elementor-element-1acf9944\" data-id=\"1acf9944\" data-element_type=\"column\">\n\t\t\t<div class=\"elementor-widget-wrap elementor-element-populated\">\n\t\t\t\t\t\t<div class=\"elementor-element elementor-element-40c1d15a elementor-widget elementor-widget-heading\" data-id=\"40c1d15a\" data-element_type=\"widget\" data-widget_type=\"heading.default\">\n\t\t\t\t<div class=\"elementor-widget-container\">\n\t\t\t\t\t<h6 class=\"elementor-heading-title elementor-size-default\">SON CONCEPTEUR<\/h6>\t\t\t\t<\/div>\n\t\t\t\t<\/div>\n\t\t\t\t<div class=\"elementor-element elementor-element-60429991 elementor-widget elementor-widget-heading\" data-id=\"60429991\" data-element_type=\"widget\" data-widget_type=\"heading.default\">\n\t\t\t\t<div class=\"elementor-widget-container\">\n\t\t\t\t\t<h2 class=\"elementor-heading-title elementor-size-default\">ROBERT PATUREL<\/h2>\t\t\t\t<\/div>\n\t\t\t\t<\/div>\n\t\t\t\t<div class=\"elementor-element elementor-element-54cc98dd elementor-widget elementor-widget-text-editor\" data-id=\"54cc98dd\" data-element_type=\"widget\" data-widget_type=\"text-editor.default\">\n\t\t\t\t<div class=\"elementor-widget-container\">\n\t\t\t\t\t\t\t\t\t<div class=\"page\" title=\"Page 1\"><div class=\"layoutArea\"><div class=\"column\"><p>De son passe\u0301 de compe\u0301titeur de haut niveau, et son long parcours d\u2019entraineur et de formateur dans les disciplines de combat de toutes natures, Boxe Franc\u0327aise, tonfa, ba\u0302ton, kali, couteau etc&#8230;, ROBERT PATUREL a acquis une re\u0301putation me\u0301rite\u0301e de re\u0301fe\u0301rent en matie\u0300re de disciplines d\u2019affrontement.<\/p><p>De son parcours de fonctionnaire de Police ope\u0301rant dans les services confronte\u0301s a\u0300 la violence la plus dure mais aussi par sa connaissance de la voie publique avec ses diffe\u0301rends de toutes sortes, il posse\u0300de une expe\u0301rience de toutes les formes d\u2019infractions de violence et du contexte le\u0301gal dans lequel notre socie\u0301te\u0301 traite ces de\u0301lits.<\/p><p>Chercheur infatigable dont la curiosite\u0301 n\u2019a d\u2019e\u0301gale que l\u2019ouverture d\u2019esprit, il a consacre\u0301 ces dernie\u0300res de\u0301cennies a\u0300 e\u0301tudier les formes de combat les plus varie\u0301es dans un seul but : en tirer la substantifique moelle et cre\u0301er une me\u0301thode de de\u0301fense que l\u2019on puisse vraiment mettre a\u0300 la porte\u0301e du plus faible et du moins entraine\u0301.<\/p><\/div><\/div><\/div>\t\t\t\t\t\t\t\t<\/div>\n\t\t\t\t<\/div>\n\t\t\t\t<div class=\"elementor-element elementor-element-779340ba elementor-widget elementor-widget-heading\" data-id=\"779340ba\" data-element_type=\"widget\" data-widget_type=\"heading.default\">\n\t\t\t\t<div class=\"elementor-widget-container\">\n\t\t\t\t\t<h6 class=\"elementor-heading-title elementor-size-default\">TEXTES PAR PATRICK CASCALES<\/h6>\t\t\t\t<\/div>\n\t\t\t\t<\/div>\n\t\t\t\t<div class=\"elementor-element elementor-element-0f4667f elementor-widget elementor-widget-text-editor\" data-id=\"0f4667f\" data-element_type=\"widget\" data-widget_type=\"text-editor.default\">\n\t\t\t\t<div class=\"elementor-widget-container\">\n\t\t\t\t\t\t\t\t\t<div class=\"page\" title=\"Page 1\"><div class=\"layoutArea\"><div class=\"column\"><p>Cette me\u0301thode, la DEFENSE URBAINE, a pour but d\u2019offrir les moyens a\u0300 toute personne de se prote\u0301ger lors d\u2019une agression, qu\u2019elle soit verbale ou physique, en lui offrant plusieurs syste\u0300mes de re\u0301ponses adapte\u0301es.<\/p><p>Ces re\u0301ponses, aussi efficaces que re\u0301ellement a\u0300 la porte\u0301e de tout un chacun, sont pense\u0301es pour e\u0302tre facilement inte\u0301gre\u0301es, retenues et ressorties dans un contexte de surprise, de stress, voire de side\u0301ration que ne connait pas le monde de la compe\u0301tition sportive.<\/p><\/div><\/div><\/div>\t\t\t\t\t\t\t\t<\/div>\n\t\t\t\t<\/div>\n\t\t\t\t<div class=\"elementor-element elementor-element-622353f2 elementor-invisible elementor-widget elementor-widget-icon-box\" data-id=\"622353f2\" data-element_type=\"widget\" data-settings=\"{&quot;_animation&quot;:&quot;fadeIn&quot;}\" data-widget_type=\"icon-box.default\">\n\t\t\t\t<div class=\"elementor-widget-container\">\n\t\t\t\t\t\t\t<div class=\"elementor-icon-box-wrapper\">\n\n\t\t\t\n\t\t\t\t\t\t<div class=\"elementor-icon-box-content\">\n\n\t\t\t\t\t\t\t\t\t<h3 class=\"elementor-icon-box-title\">\n\t\t\t\t\t\t<span  >\n\t\t\t\t\t\t\tDe quoi se compose cette m\u00e9thode ?\t\t\t\t\t\t<\/span>\n\t\t\t\t\t<\/h3>\n\t\t\t\t\n\t\t\t\t\t\t\t\t\t<p class=\"elementor-icon-box-description\">\n\t\t\t\t\t\te programme de La DEFENSE URBAINE comprend une formation sur :\n- les disciplines de percussion de toutes sortes et les moyens de s\u2019en d\u00e9fendre (parades, esquives, ripostes).\n-La d\u00e9fense sur les attaques arm\u00e9es (b\u00e2ton, couteau etc....)\n-La d\u00e9fense au sol\n-Les diff\u00e9rentes clefs et contraintes.\n-La d\u00e9fense contre plusieurs adversaires.\n- Tous ces r\u00e9flexes de riposte sont \u00e9tudi\u00e9s en situations concr\u00e8tes.\nEt comme, justement, ces situations d\u2019agressions ne sont pas pr\u00e9visibles, l\u2019originalit\u00e9 de la DEFENSE URBAINE est de proposer une formation sur le comportemental ; cette approche des param\u00e8tres humains d\u2019un conflit, chez l\u2019agresseur comme chez la victime, permet, le moment venu, d\u2019anticiper le conflit et de l\u2019\u00e9viter au lieu de le g\u00e9rer.\nC\u2019est pourquoi, la m\u00e9thode de ROBERT PATUREL comprend des modules cons\u00e9quents sur la gestion du stress, la n\u00e9gociation, la l\u00e9gitime d\u00e9fense, et le secourisme.\nCe sont ces mati\u00e8res qui constituent l\u2019\u00e9l\u00e9ment le plus novateur de la DEFENSE URBAINE car le plus grand athl\u00e8te du monde n\u2019est rien s\u2019il perd ses moyens et s\u2019il ignore ce qu\u2019il peut ou doit faire face \u00e0 une agression inattendue.\n\t\t\t\t\t<\/p>\n\t\t\t\t\n\t\t\t<\/div>\n\t\t\t\n\t\t<\/div>\n\t\t\t\t\t\t<\/div>\n\t\t\t\t<\/div>\n\t\t\t\t\t<\/div>\n\t\t<\/div>\n\t\t\t\t<div class=\"elementor-column elementor-col-50 elementor-top-column elementor-element elementor-element-38a9c338\" data-id=\"38a9c338\" data-element_type=\"column\">\n\t\t\t<div class=\"elementor-widget-wrap elementor-element-populated\">\n\t\t\t\t\t\t<div class=\"elementor-element elementor-element-318581e4 elementor-widget elementor-widget-image\" data-id=\"318581e4\" data-element_type=\"widget\" data-widget_type=\"image.default\">\n\t\t\t\t<div class=\"elementor-widget-container\">\n\t\t\t\t\t\t\t\t\t\t\t\t\t\t\t<img loading=\"lazy\" decoding=\"async\" width=\"592\" height=\"626\" src=\"http:\/\/urselfdeez.cluster023.hosting.ovh.net\/wp-content\/uploads\/2022\/07\/vlcsnap-2022-06-05-18h56m49s324.png\" class=\"attachment-full size-full wp-image-455\" alt=\"\" srcset=\"http:\/\/urselfdeez.cluster023.hosting.ovh.net\/wp-content\/uploads\/2022\/07\/vlcsnap-2022-06-05-18h56m49s324.png 592w, http:\/\/urselfdeez.cluster023.hosting.ovh.net\/wp-content\/uploads\/2022\/07\/vlcsnap-2022-06-05-18h56m49s324-284x300.png 284w\" sizes=\"(max-width: 592px) 100vw, 592px\" \/>\t\t\t\t\t\t\t\t\t\t\t\t\t\t\t<\/div>\n\t\t\t\t<\/div>\n\t\t\t\t<div class=\"elementor-element elementor-element-5aefa165 elementor-widget elementor-widget-icon-box\" data-id=\"5aefa165\" data-element_type=\"widget\" data-widget_type=\"icon-box.default\">\n\t\t\t\t<div class=\"elementor-widget-container\">\n\t\t\t\t\t\t\t<div class=\"elementor-icon-box-wrapper\">\n\n\t\t\t\n\t\t\t\t\t\t<div class=\"elementor-icon-box-content\">\n\n\t\t\t\t\n\t\t\t\t\t\t\t\t\t<p class=\"elementor-icon-box-description\">\n\t\t\t\t\t\tCette m\u00e9thode finalis\u00e9e apr\u00e8s des ann\u00e9es d\u2019\u00e9tudes et de recherches, est \u00e0 l\u2019image du doux gorille qui l\u2019a r\u00e9alis\u00e9e ; elle a pour but de former des gens honn\u00eates, efficaces et d\u00e9termin\u00e9s face \u00e0 des agressions injustes, toujours dans le respect de la Loi et sans jamais se mettre au niveau de l\u2019agresseur.\t\t\t\t\t<\/p>\n\t\t\t\t\n\t\t\t<\/div>\n\t\t\t\n\t\t<\/div>\n\t\t\t\t\t\t<\/div>\n\t\t\t\t<\/div>\n\t\t\t\t\t<\/div>\n\t\t<\/div>\n\t\t\t\t\t<\/div>\n\t\t<\/section>\n\t\t\t\t<\/div>\n\t\t","protected":false},"excerpt":{"rendered":"<p>DEFENSE URBAINE ACAD\u00c9MIE PATUREL SON CONCEPTEUR ROBERT PATUREL De son passe\u0301 de compe\u0301titeur de haut niveau, et son long parcours d\u2019entraineur et de formateur dans les disciplines de combat de toutes natures, Boxe Franc\u0327aise, tonfa, ba\u0302ton, kali, couteau etc&#8230;, ROBERT PATUREL a acquis une re\u0301putation me\u0301rite\u0301e de re\u0301fe\u0301rent en matie\u0300re de disciplines d\u2019affrontement. De son [&hellip;]<\/p>\n","protected":false},"author":1,"featured_media":0,"parent":0,"menu_order":0,"comment_status":"closed","ping_status":"closed","template":"","meta":{"footnotes":""},"class_list":["post-14","page","type-page","status-publish","hentry"],"_links":{"self":[{"href":"http:\/\/urselfdeez.cluster023.hosting.ovh.net\/index.php?rest_route=\/wp\/v2\/pages\/14","targetHints":{"allow":["GET"]}}],"collection":[{"href":"http:\/\/urselfdeez.cluster023.hosting.ovh.net\/index.php?rest_route=\/wp\/v2\/pages"}],"about":[{"href":"http:\/\/urselfdeez.cluster023.hosting.ovh.net\/index.php?rest_route=\/wp\/v2\/types\/page"}],"author":[{"embeddable":true,"href":"http:\/\/urselfdeez.cluster023.hosting.ovh.net\/index.php?rest_route=\/wp\/v2\/users\/1"}],"replies":[{"embeddable":true,"href":"http:\/\/urselfdeez.cluster023.hosting.ovh.net\/index.php?rest_route=%2Fwp%2Fv2%2Fcomments&post=14"}],"version-history":[{"count":22,"href":"http:\/\/urselfdeez.cluster023.hosting.ovh.net\/index.php?rest_route=\/wp\/v2\/pages\/14\/revisions"}],"predecessor-version":[{"id":653,"href":"http:\/\/urselfdeez.cluster023.hosting.ovh.net\/index.php?rest_route=\/wp\/v2\/pages\/14\/revisions\/653"}],"wp:attachment":[{"href":"http:\/\/urselfdeez.cluster023.hosting.ovh.net\/index.php?rest_route=%2Fwp%2Fv2%2Fmedia&parent=14"}],"curies":[{"name":"wp","href":"https:\/\/api.w.org\/{rel}","templated":true}]}}